{"id":374,"date":"2021-02-09T09:45:31","date_gmt":"2021-02-09T09:45:31","guid":{"rendered":"https:\/\/www.nosci.mk\/?page_id=374"},"modified":"2021-05-26T09:40:46","modified_gmt":"2021-05-26T07:40:46","slug":"politika-e-privatesise","status":"publish","type":"page","link":"https:\/\/www.nosci.mk\/?page_id=374&lang=sq","title":{"rendered":"Politika e privat\u00ebsis\u00eb"},"content":{"rendered":"\n<p>Kjo politik\u00eb e privat\u00ebsis\u00eb ofron informacione t\u00eb p\u00ebrgjithshme n\u00eb lidhje me p\u00ebrpunimin e t\u00eb dh\u00ebnave personale kur vizitoni k\u00ebt\u00eb faqe n\u00eb internet dhe \/ ose p\u00ebrdorni ndonj\u00eb nga sh\u00ebrbimet tona p\u00ebrmes saj. Ne mbledhim vet\u00ebm ato t\u00eb dh\u00ebna personale q\u00eb jan\u00eb t\u00eb nevojshme p\u00ebr t\u00eb arritur q\u00ebllimet e&nbsp;Nism\u00ebs komb\u00ebtare p\u00ebr shkenc\u00ebn e hapur (Cloud)&nbsp;(NOSCI.mk).<strong><\/strong><\/p>\n\n\n\n<h5 class=\"wp-block-heading\">Kontrolluesi i koleksioneve t\u00eb t\u00eb dh\u00ebnave personale<\/h5>\n\n\n\n<p>Kontrolluesi i t\u00eb dh\u00ebnave personale \u00ebsht\u00eb Fakulteti i Shkencave t\u00eb Informacionit dhe Inxhinieris\u00eb Kompjuterike, n\u00eb rr. Rugjer Boshkoviq 16, Shkup, Republika e Maqedonis\u00eb s\u00eb&nbsp;Veriut.<\/p>\n\n\n\n<p>T\u00eb dh\u00ebnat personale p\u00ebrpunohen n\u00eb p\u00ebrputhje me dispozitat e Ligjit p\u00ebr Mbrojtjen e t\u00eb Dh\u00ebnave Personale.<\/p>\n\n\n\n<p>Zyrtari p\u00ebr mbrojtjen e t\u00eb dh\u00ebnave personale:<\/p>\n\n\n\n<p>Vladislav Bidikov<\/p>\n\n\n\n<p><a href=\"mailto:vladislav.bidikov@finki.ukim.mk\" target=\"_blank\" rel=\"noreferrer noopener\"><strong>vladislav.bidikov@finki.ukim.mk<\/strong><\/a><\/p>\n\n\n\n<h5 class=\"wp-block-heading\">\u00c7far\u00eb t\u00eb&nbsp;dh\u00ebnash mbledhim?<\/h5>\n\n\n\n<p>Mund t\u00eb mbledhim t\u00eb dh\u00ebna n\u00eb lidhje me personat e kategorive t\u00eb m\u00ebposhtme:<\/p>\n\n\n\n<ul class=\"wp-block-list\"><li>Vizitor\u00ebt n\u00eb faqen ton\u00eb t\u00eb internetit nosci.mk. Ne zakonisht mbledhim t\u00eb dh\u00ebna navigimi (shih m\u00eb posht\u00eb) t\u00eb cilat p\u00ebrdoren p\u00ebr t\u00eb analizuar t\u00eb dh\u00ebnat nga vizitat n\u00eb faqen ton\u00eb t\u00eb internetit si dhe p\u00ebr t\u00eb ruajtur sigurin\u00eb e informacionit n\u00eb faqen ton\u00eb t\u00eb internetit. P\u00ebr m\u00eb shum\u00eb n\u00eb lidhje me p\u00ebrdorimin e cookies, lexoni politik\u00ebn ton\u00eb p\u00ebr cookie-t.<\/li><li>T\u00eb dh\u00ebna p\u00ebr personat q\u00eb do t\u00eb jen\u00eb pjes\u00eb e iniciativ\u00ebs, dmth. persona t\u00eb cil\u00ebt jan\u00eb n\u00ebnshkrues t\u00eb Deklarat\u00ebs &#8211; T\u00eb dh\u00ebna personale t\u00eb studiuesve t\u00eb cil\u00ebt jan\u00eb n\u00ebnshkrues t\u00eb Deklarat\u00ebs s\u00eb&nbsp;Nism\u00ebs komb\u00ebtare p\u00ebr shkenc\u00ebn e hapur (Cloud)&nbsp;(NOSCI.mk).&nbsp;T\u00eb dh\u00ebna p\u00ebr institucionet n\u00ebnshkruese t\u00eb Deklarat\u00ebs &#8211; T\u00eb dh\u00ebna p\u00ebr institucionet q\u00eb mb\u00ebshtesin Deklarat\u00ebn e&nbsp;Nism\u00ebs komb\u00ebtare p\u00ebr shkenc\u00ebn e hapur (Cloud)&nbsp;(NOSCI.mk).<\/li><\/ul>\n\n\n\n<h5 class=\"wp-block-heading\">Kategorit\u00eb e t\u00eb dh\u00ebnave q\u00eb do t\u00eb p\u00ebrpunohen:<\/h5>\n\n\n\n<p>1. T\u00eb dh\u00ebnat e navigimit<\/p>\n\n\n\n<p>Kur vizitoni faqen ton\u00eb t\u00eb internetit, serveri, p\u00ebr secilin vizitor krijon regjistra me t\u00eb dh\u00ebnat e m\u00ebposhtme:<\/p>\n\n\n\n<ul class=\"wp-block-list\"><li>Adresa e Internetit Protokollit (IP-s\u00eb) tuaj;<\/li><li>Pajisja nga e cila qaseni, lloji dhe modeli i saj;<\/li><li>Sistemi juaj operativ;<\/li><li>Lloji i shfletuesit, shtojcat dhe versioni;<\/li><li>Faqet q\u00eb vizitoni n\u00eb faqen ton\u00eb t\u00eb internetit dhe koh\u00ebn q\u00eb kaloni n\u00eb secil\u00ebn faqe;<\/li><li>URL-n\u00eb&nbsp;e faqes q\u00eb ju ridrejtoi n\u00eb faqen ton\u00eb t\u00eb internetit dhe n\u00eb disa raste, termat q\u00eb keni p\u00ebrdorur n\u00eb p\u00ebrpjekjen p\u00ebr t\u00eb gjetur faqen HPC.mk;<\/li><li>Gjuha e shfletuesit q\u00eb po p\u00ebrdorni;<\/li><li>Shteti (specifikuar p\u00ebrmes IP adres\u00ebs).<\/li><\/ul>\n\n\n\n<p>Ne mir\u00ebmbajm\u00eb serverat n\u00eb m\u00ebnyr\u00eb t\u00eb pavarur dhe kryejm\u00eb n\u00eb m\u00ebnyr\u00eb interne t\u00eb gjitha aktivitetet n\u00eb faqen ton\u00eb t\u00eb internetit, duke p\u00ebrfshir\u00eb regjistrat q\u00eb krijohen dhe analiz\u00ebn e t\u00eb dh\u00ebnave q\u00eb transmetohen nga vizitat n\u00eb faqen ton\u00eb t\u00eb internetit.<\/p>\n\n\n\n<ol class=\"wp-block-list\" type=\"1\" start=\"2\"><li>\u00a0T\u00eb dh\u00ebnat q\u00eb p\u00ebrdoruesit i dor\u00ebzojn\u00eb vullnetarisht<\/li><\/ol>\n\n\n\n<p>T\u00eb dh\u00ebnat personale q\u00eb ne mbledhim nga vizita juaj n\u00eb faqen ton\u00eb t\u00eb internetit jan\u00eb ato q\u00eb dor\u00ebzoni vullnetarisht p\u00ebr regjistrimin e ekspert\u00ebve ose p\u00ebr regjistrimin e personave juridik\u00eb.<\/p>\n\n\n\n<p>Ne mund t\u00eb mbledhim ndonj\u00eb nga kategorit\u00eb e m\u00ebposhtme t\u00eb t\u00eb dh\u00ebnave personale: emrin dhe mbiemrin, emailin e kontaktit, institucionin, si dhe emrin e institucionit, emrin dhe mbiemrin e personit t\u00eb autorizuar, emailin e kontaktit.<\/p>\n\n\n\n<h5 class=\"wp-block-heading\">Si i mbledhim t\u00eb dh\u00ebnat personale<\/h5>\n\n\n\n<p>Ne mbledhim t\u00eb dh\u00ebna personale p\u00ebrmes kanaleve t\u00eb ndryshme, duke p\u00ebrfshir\u00eb:<\/p>\n\n\n\n<ul class=\"wp-block-list\"><li>p\u00ebrmes p\u00ebrdorimit tuaj t\u00eb k\u00ebsaj faqes n\u00eb internet, duke i p\u00ebrfshir\u00eb edhe format e aplikimit;<\/li><\/ul>\n\n\n\n<h5 class=\"wp-block-heading\">Kategorit\u00eb e p\u00ebrdoruesve t\u00eb t\u00eb dh\u00ebnave personale:<\/h5>\n\n\n\n<p>Aktivitetet e p\u00ebrpunimit t\u00eb t\u00eb dh\u00ebnave personale n\u00eb lidhje me aktivitetet p\u00ebr realizimin e aktiviteteve t\u00eb&nbsp;Nism\u00ebs komb\u00ebtare p\u00ebr shkenc\u00ebn e hapur (Cloud)&nbsp;(NOSCI.mk), koordinator i s\u00eb cil\u00ebs \u00ebsht\u00eb FINKI.<\/p>\n\n\n\n<p>Nuk shp\u00ebrndajm\u00eb informacione p\u00ebr ju dhe \/ ose vizit\u00ebn tuaj n\u00eb faqen ton\u00eb t\u00eb internetit tek pal\u00ebt e treta, p\u00ebrve\u00e7 n\u00eb rastet e m\u00ebposhtme:<\/p>\n\n\n\n<p>\u2022 Me k\u00ebrkes\u00eb t\u00eb gjykat\u00ebs, policis\u00eb ose autoriteteve t\u00eb tjera p\u00ebr t\u00eb ushtruar kompetencat e tyre dhe vet\u00ebm n\u00ebse ekziston nj\u00eb baz\u00eb ligjore p\u00ebr ta b\u00ebr\u00eb k\u00ebt\u00eb<\/p>\n\n\n\n<h5 class=\"wp-block-heading\">Koha e ruajtjes s\u00eb t\u00eb dh\u00ebnave t\u00eb mbledhura:<\/h5>\n\n\n\n<p>T\u00eb dh\u00ebnat q\u00eb mbledhim ruhen n\u00eb p\u00ebrputhje me ligjin dhe periudh\u00ebn e k\u00ebrkuar p\u00ebr t\u00eb arritur q\u00ebllimin e p\u00ebrpunimit dhe p\u00ebrcaktohen nga afatet p\u00ebr ruajtjen e t\u00eb dh\u00ebnave personale t\u00eb FINKI.<\/p>\n\n\n\n<h5 class=\"wp-block-heading\">Cilat jan\u00eb t\u00eb drejtat tuaja?<\/h5>\n\n\n\n<p>T\u00eb drejtat tuaja n\u00eb lidhje me p\u00ebrpunimin e t\u00eb dh\u00ebnave personale jan\u00eb:<\/p>\n\n\n\n<ul class=\"wp-block-list\"><li>e drejta p\u00ebr tu informuar n\u00eb lidhje me p\u00ebrpunimin e t\u00eb dh\u00ebnave personale<\/li><li>e drejta p\u00ebr t\u00eb parashtruar ankes\u00eb<\/li><\/ul>\n\n\n\n<p>P\u00ebr informacion shtes\u00eb dhe \/ ose ushtrimin e t\u00eb drejtave tuaja t\u00eb privat\u00ebsis\u00eb, mund t\u00eb kontaktoni Zyrtarin ton\u00eb p\u00ebr mbrojtjen e t\u00eb dh\u00ebnave personale.<\/p>\n\n\n\n<h5 class=\"wp-block-heading\">E drejta p\u00ebr t\u00eb parashtruar k\u00ebrkes\u00eb n\u00eb FINKI<\/h5>\n\n\n\n<p>N\u00ebse konsideroni se m\u00ebnyra se si FINKI p\u00ebrpunon t\u00eb dh\u00ebnat tuaja personale shkel dispozitat e Ligjit p\u00ebr Mbrojtjen e t\u00eb Dh\u00ebnave Personale, ju mund t\u00eb paraqisni nj\u00eb k\u00ebrkes\u00eb tek FINKI si nj\u00eb organ mbik\u00ebqyr\u00ebs, e cila do t\u00eb trajtohet n\u00eb t\u00eb nj\u00ebjt\u00ebn m\u00ebnyr\u00eb si \u00e7do k\u00ebrkes\u00eb tjet\u00ebr e paraqitur, sipas Nenit 97 t\u00eb Ligjit p\u00ebr mbrojtjen e t\u00eb dh\u00ebnave personale.<\/p>\n\n\n\n<h5 class=\"wp-block-heading\">Ndryshimi i politik\u00ebs s\u00eb privat\u00ebsis\u00eb<\/h5>\n\n\n\n<p>Politika e privat\u00ebsis\u00eb do t\u00eb ndryshohet dhe plot\u00ebsohet rregullisht n\u00eb p\u00ebrputhje me ndryshimet dhe aktivitetet tona.<\/p>\n","protected":false},"excerpt":{"rendered":"<p>Kjo politik\u00eb e privat\u00ebsis\u00eb ofron informacione t\u00eb p\u00ebrgjithshme n\u00eb lidhje me p\u00ebrpunimin e t\u00eb dh\u00ebnave personale kur vizitoni k\u00ebt\u00eb faqe n\u00eb internet dhe \/ ose p\u00ebrdorni ndonj\u00eb nga sh\u00ebrbimet tona p\u00ebrmes saj. Ne mbledhim vet\u00ebm ato t\u00eb dh\u00ebna personale q\u00eb jan\u00eb t\u00eb nevojshme p\u00ebr t\u00eb arritur q\u00ebllimet e&nbsp;Nism\u00ebs komb\u00ebtare p\u00ebr shkenc\u00ebn e hapur (Cloud)&nbsp;(NOSCI.mk). Kontrolluesi [&hellip;]<\/p>\n","protected":false},"author":1,"featured_media":0,"parent":0,"menu_order":0,"comment_status":"closed","ping_status":"open","template":"","meta":{"footnotes":""},"class_list":["post-374","page","type-page","status-publish","hentry"],"_links":{"self":[{"href":"https:\/\/www.nosci.mk\/index.php?rest_route=\/wp\/v2\/pages\/374","targetHints":{"allow":["GET"]}}],"collection":[{"href":"https:\/\/www.nosci.mk\/index.php?rest_route=\/wp\/v2\/pages"}],"about":[{"href":"https:\/\/www.nosci.mk\/index.php?rest_route=\/wp\/v2\/types\/page"}],"author":[{"embeddable":true,"href":"https:\/\/www.nosci.mk\/index.php?rest_route=\/wp\/v2\/users\/1"}],"replies":[{"embeddable":true,"href":"https:\/\/www.nosci.mk\/index.php?rest_route=%2Fwp%2Fv2%2Fcomments&post=374"}],"version-history":[{"count":1,"href":"https:\/\/www.nosci.mk\/index.php?rest_route=\/wp\/v2\/pages\/374\/revisions"}],"predecessor-version":[{"id":375,"href":"https:\/\/www.nosci.mk\/index.php?rest_route=\/wp\/v2\/pages\/374\/revisions\/375"}],"wp:attachment":[{"href":"https:\/\/www.nosci.mk\/index.php?rest_route=%2Fwp%2Fv2%2Fmedia&parent=374"}],"curies":[{"name":"wp","href":"https:\/\/api.w.org\/{rel}","templated":true}]}}

Politika e privatësisë

<p>Kjo politikë e privatësisë ofron informacione të përgjithshme në lidhje me përpunimin e të dhënave personale kur vizitoni këtë faqe në internet dhe / ose përdorni ndonjë nga shërbimet tona përmes saj. Ne mbledhim vetëm ato të dhëna personale që janë të nevojshme për të arritur qëllimet e&nbsp;Nismës kombëtare për shkencën e hapur (Cloud)&nbsp;(NOSCI.mk).<strong></strong></p>



<h5 class="wp-block-heading">Kontrolluesi i koleksioneve të të dhënave personale</h5>



<p>Kontrolluesi i të dhënave personale është Fakulteti i Shkencave të Informacionit dhe Inxhinierisë Kompjuterike, në rr. Rugjer Boshkoviq 16, Shkup, Republika e Maqedonisë së&nbsp;Veriut.</p>



<p>Të dhënat personale përpunohen në përputhje me dispozitat e Ligjit për Mbrojtjen e të Dhënave Personale.</p>



<p>Zyrtari për mbrojtjen e të dhënave personale:</p>



<p>Vladislav Bidikov</p>



<p><a href="mailto:vladislav.bidikov@finki.ukim.mk" target="_blank" rel="noreferrer noopener"><strong>vladislav.bidikov@finki.ukim.mk</strong></a></p>



<h5 class="wp-block-heading">Çfarë të&nbsp;dhënash mbledhim?</h5>



<p>Mund të mbledhim të dhëna në lidhje me personat e kategorive të mëposhtme:</p>



<ul class="wp-block-list"><li>Vizitorët në faqen tonë të internetit nosci.mk. Ne zakonisht mbledhim të dhëna navigimi (shih më poshtë) të cilat përdoren për të analizuar të dhënat nga vizitat në faqen tonë të internetit si dhe për të ruajtur sigurinë e informacionit në faqen tonë të internetit. Për më shumë në lidhje me përdorimin e cookies, lexoni politikën tonë për cookie-t.</li><li>Të dhëna për personat që do të jenë pjesë e iniciativës, dmth. persona të cilët janë nënshkrues të Deklaratës &#8211; Të dhëna personale të studiuesve të cilët janë nënshkrues të Deklaratës së&nbsp;Nismës kombëtare për shkencën e hapur (Cloud)&nbsp;(NOSCI.mk).&nbsp;Të dhëna për institucionet nënshkruese të Deklaratës &#8211; Të dhëna për institucionet që mbështesin Deklaratën e&nbsp;Nismës kombëtare për shkencën e hapur (Cloud)&nbsp;(NOSCI.mk).</li></ul>



<h5 class="wp-block-heading">Kategoritë e të dhënave që do të përpunohen:</h5>



<p>1. Të dhënat e navigimit</p>



<p>Kur vizitoni faqen tonë të internetit, serveri, për secilin vizitor krijon regjistra me të dhënat e mëposhtme:</p>



<ul class="wp-block-list"><li>Adresa e Internetit Protokollit (IP-së) tuaj;</li><li>Pajisja nga e cila qaseni, lloji dhe modeli i saj;</li><li>Sistemi juaj operativ;</li><li>Lloji i shfletuesit, shtojcat dhe versioni;</li><li>Faqet që vizitoni në faqen tonë të internetit dhe kohën që kaloni në secilën faqe;</li><li>URL-në&nbsp;e faqes që ju ridrejtoi në faqen tonë të internetit dhe në disa raste, termat që keni përdorur në përpjekjen për të gjetur faqen HPC.mk;</li><li>Gjuha e shfletuesit që po përdorni;</li><li>Shteti (specifikuar përmes IP adresës).</li></ul>



<p>Ne mirëmbajmë serverat në mënyrë të pavarur dhe kryejmë në mënyrë interne të gjitha aktivitetet në faqen tonë të internetit, duke përfshirë regjistrat që krijohen dhe analizën e të dhënave që transmetohen nga vizitat në faqen tonë të internetit.</p>



<ol class="wp-block-list" type="1" start="2"><li> Të dhënat që përdoruesit i dorëzojnë vullnetarisht</li></ol>



<p>Të dhënat personale që ne mbledhim nga vizita juaj në faqen tonë të internetit janë ato që dorëzoni vullnetarisht për regjistrimin e ekspertëve ose për regjistrimin e personave juridikë.</p>



<p>Ne mund të mbledhim ndonjë nga kategoritë e mëposhtme të të dhënave personale: emrin dhe mbiemrin, emailin e kontaktit, institucionin, si dhe emrin e institucionit, emrin dhe mbiemrin e personit të autorizuar, emailin e kontaktit.</p>



<h5 class="wp-block-heading">Si i mbledhim të dhënat personale</h5>



<p>Ne mbledhim të dhëna personale përmes kanaleve të ndryshme, duke përfshirë:</p>



<ul class="wp-block-list"><li>përmes përdorimit tuaj të kësaj faqes në internet, duke i përfshirë edhe format e aplikimit;</li></ul>



<h5 class="wp-block-heading">Kategoritë e përdoruesve të të dhënave personale:</h5>



<p>Aktivitetet e përpunimit të të dhënave personale në lidhje me aktivitetet për realizimin e aktiviteteve të&nbsp;Nismës kombëtare për shkencën e hapur (Cloud)&nbsp;(NOSCI.mk), koordinator i së cilës është FINKI.</p>



<p>Nuk shpërndajmë informacione për ju dhe / ose vizitën tuaj në faqen tonë të internetit tek palët e treta, përveç në rastet e mëposhtme:</p>



<p>• Me kërkesë të gjykatës, policisë ose autoriteteve të tjera për të ushtruar kompetencat e tyre dhe vetëm nëse ekziston një bazë ligjore për ta bërë këtë</p>



<h5 class="wp-block-heading">Koha e ruajtjes së të dhënave të mbledhura:</h5>



<p>Të dhënat që mbledhim ruhen në përputhje me ligjin dhe periudhën e kërkuar për të arritur qëllimin e përpunimit dhe përcaktohen nga afatet për ruajtjen e të dhënave personale të FINKI.</p>



<h5 class="wp-block-heading">Cilat janë të drejtat tuaja?</h5>



<p>Të drejtat tuaja në lidhje me përpunimin e të dhënave personale janë:</p>



<ul class="wp-block-list"><li>e drejta për tu informuar në lidhje me përpunimin e të dhënave personale</li><li>e drejta për të parashtruar ankesë</li></ul>



<p>Për informacion shtesë dhe / ose ushtrimin e të drejtave tuaja të privatësisë, mund të kontaktoni Zyrtarin tonë për mbrojtjen e të dhënave personale.</p>



<h5 class="wp-block-heading">E drejta për të parashtruar kërkesë në FINKI</h5>



<p>Nëse konsideroni se mënyra se si FINKI përpunon të dhënat tuaja personale shkel dispozitat e Ligjit për Mbrojtjen e të Dhënave Personale, ju mund të paraqisni një kërkesë tek FINKI si një organ mbikëqyrës, e cila do të trajtohet në të njëjtën mënyrë si çdo kërkesë tjetër e paraqitur, sipas Nenit 97 të Ligjit për mbrojtjen e të dhënave personale.</p>



<h5 class="wp-block-heading">Ndryshimi i politikës së privatësisë</h5>



<p>Politika e privatësisë do të ndryshohet dhe plotësohet rregullisht në përputhje me ndryshimet dhe aktivitetet tona.</p>

<p>Kjo politikë e privatësisë ofron informacione të përgjithshme në lidhje me përpunimin e të dhënave personale kur vizitoni këtë faqe në internet dhe / ose përdorni ndonjë nga shërbimet tona përmes saj. Ne mbledhim vetëm ato të dhëna personale që janë të nevojshme për të arritur qëllimet e&nbsp;Nismës kombëtare për shkencën e hapur (Cloud)&nbsp;(NOSCI.mk). Kontrolluesi [&hellip;]</p>
